ed by 110938?
952
What is the remainder when 25538904 is divided by 774?
0
Calculate the remainder when 623163 is divided by 1712.
1707
Calculate the remainder when 735471 is divided by 2292.
2031
What is the remainder when 1404182 is divided by 31913?
10
Calculate the remainder when 3802845 is divided by 1901394.
57
Calculate the remainder when 107523 is divided by 719.
392
What is the remainder when 2232738 is divided by 446547?
3
Calculate the remainder when 34896 is divided by 34806.
90
What is the remainder when 3887158 is divided by 1584?
22
What is the remainder when 7705368 is divided by 7242?
7122
Calculate the remainder when 6419774 is divided by 13.
10
Calculate the remainder when 350723 is divided by 314.
299
What is the remainder when 875339 is divided by 875214?
125
What is the remainder when 5426445 is divided by 1778?
1767
What is the remainder when 97287 is divided by 2779?
22
What is the remainder when 221509021 is divided by 3122?
3121
What is the remainder when 1696444 is divided by 134?
4
What is the remainder when 554816 is divided by 184158?
2342
Calculate the remainder when 53894142 is divided by 13473535.
2
Calculate the remainder when 1185811 is divided by 260.
211
Calculate the remainder when 782054 is divided by 5175.
629
Calculate the remainder when 1962843 is divided by 192.
27
What is the remainder when 1581252 is divided by 467?
457
What is the remainder when 112286 is divided by 27996?
302
Calculate the remainder when 128622083 is divided by 5347.
5345
What is the remainder when 63871 is divided by 3748?
155
Calculate the remainder when 3379191 is divided by 16.
7
What is the remainder when 146353 is divided by 29269?
8
Calculate the remainder when 97189 is divided by 91220.
5969
Calculate the remainder when 1701846 is divided by 1027.
107
Calculate the remainder when 1474329 is divided by 163799.
138
What is the remainder when 704780 is divided by 2431?
2221
What is the remainder when 186189 is divided by 15479?
441
What is the remainder when 4641358 is divided by 37734?
76
What is the remainder when 3120269 is divided by 62?
57
Calculate the remainder when 3289 is divided by 1548.
193
Calculate the remainder when 14925731 is divided by 2166.
1991
Calculate the remainder when 21830672 is divided by 1163.
1162
Calculate the remainder when 215501 is divided by 53507.
1473
Calculate the remainder when 73294 is divided by 72069.
1225
What is the remainder when 30290 is divided by 256?
82
What is the remainder when 4172222 is divided by 128?
62
What is the remainder when 1475905 is divided by 4?
1
What is the remainder when 753018 is divided by 249424?
4746
Calculate the remainder when 392258 is divided by 975.
308
Calculate the remainder when 2663475 is divided by 256.
51
What is the remainder when 287159 is divided by 4935?
929
Calculate the remainder when 67607189 is divided by 90.
89
Calculate the remainder when 136518 is divided by 19491.
81
What is the remainder when 1122657 is divided by 948?
225
What is the remainder when 469858 is divided by 649?
631
What is the remainder when 126802 is divided by 126779?
23
What is the remainder when 26104 is divided by 419?
126
Calculate the remainder when 7029482 is divided by 44.
42
Calculate the remainder when 70478583 is divided by 70478566.
17
What is the remainder when 7656432 is divided by 166?
14
What is the remainder when 4432542 is divided by 130368?
30
Calculate the remainder when 620871 is divided by 94.
1
What is the remainder when 597152 is divided by 12705?
17
What is the remainder when 7512813 is divided by 751280?
13
Calculate the remainder when 16415701 is divided by 97.
3
Calculate the remainder when 41095 is divided by 1221.
802
What is the remainder when 123865 is divided by 10207?
1381
What is the remainder when 613901 is divided by 68209?
20
What is the remainder when 29808448 is divided by 5961689?
3
Calculate the remainder when 2413485 is divided by 268165.
0
Calculate the remainder when 569836 is divided by 336.
316
What is the remainder when 24157441 is divided by 37?
30
What is the remainder when 1311680 is divided by 40989?
32
Calculate the remainder when 11647 is divided by 4779.
2089
What is the remainder when 122557 is divided by 2849?
50
What is the remainder when 21571 is divided by 22?
11
What is the remainder when 99773422 is divided by 12?
10
What is the remainder when 378663 is divided by 47332?
7
What is the remainder when 1530291 is divided by 1811?
1807
Calculate the remainder when 1352960 is divided by 858.
752
What is the remainder when 615651115 is divided by 180?
175
Calculate the remainder when 4416460 is divided by 1104114.
4
Calculate the remainder when 7384 is divided by 2361.
301
Calculate the remainder when 10153814 is divided by 1450543.
13
Calculate the remainder when 619187 is divided by 61244.
6747
Calculate the remainder when 1158967 is divided by 46.
43
Calculate the remainder when 70088 is divided by 9858.
1082
What is the remainder when 66826 is divided by 53?
46
Calculate the remainder when 21374628 is divided by 2061.
2058
What is the remainder when 33715 is divided by 1018?
121
What is the remainder when 13985459 is divided by 305?
294
Calculate the remainder when 3672720 is divided by 108019.
74
Calculate the remainder when 20301501 is divided by 516.
513
Calculate the remainder when 5336641 is divided by 38.
35
What is the remainder when 8413366 is divided by 1841?
1837
Calculate the remainder when 11797545 is divided by 57.
27
Calculate the remainder when 3838794 is divided by 1001.
960
What is the remainder when 36005985 is divided by 76?
73
Calculate the remainder when 133118 is divided by 133101.
17
What is the remainder when 986037 is divided by 106?
25
Calculate the remainder when 48035661 is divided by 3002228.
13
Calculate the remainder when 4559604 is divided by 36771.
0
What is the remainder when 106395 is divided by 1108?
27
Calculate the remainder when 2520333 is divided by 1731.
1728
What is the remainder when 3657050 is divided by 296?
266
What is the remainder when 2742348 is divided by 10?
8
Calculate the remainder when 481825 is divided by 2720.
385
Calculate the remainder when 2977118 is divided by 312.
14
What is the remainder when 25659865 is divided by 45?
10
Calculate the remainder when 5335380 is divided by 34.
32
What is the remainder when 24638312 is divided by 3079789?
0
What is the remainder when 30572505 is divided by 4679?
4598
What is the remainder when 21551 is divided by 10206?
1139
What is the remainder when 2323004 is divided by 122?
2
What is the remainder when 1348491 is divided by 674243?
5
What is the remainder when 496680 is divided by 163173?
7161
Calculate the remainder when 487927 is divided by 243948.
31
What is the remainder when 24743 is divided by 1194?
863
Calculate the remainder when 1484700 is divided by 43.
39
What is the remainder when 36898 is divided by 44?
26
What is the remainder when 429748 is divided by 841?
838
What is the remainder when 22734615 is divided by 1748816?
7
What is the remainder when 2088489 is divided by 2088444?
45
What is the remainder when 4997 is divided by 4472?
525
Calculate the remainder when 5937902 is divided by 9.
8
Calculate the remainder when 25593037 is divided by 1114.
1
What is the remainder when 84209 is divided by 925?
34
What is the remainder when 1318507 is divided by 655?
647
Calculate the remainder when 2944929 is divided by 317.
316
Calculate the remainder when 191334 is divided by 4890.
624
Calculate the remainder when 18998684 is divided by 254.
246
Calculate the remainder when 41755 is divided by 13847.
214
What is the remainder when 573172 is divided by 3065?
17
Calculate the remainder when 842611 is divided by 842573.
38
What is the remainder when 1248271 is divided by 19486?
1167
What is the remainder when 17549427 is divided by 37?
31
Calculate the remainder when 172477 is divided by 1092.
1033
What is the remainder when 2194 is divided by 2046?
148
What is the remainder when 2230964 is divided by 23239?
20
What is the remainder when 6508794 is divided by 320?
314
Calculate the remainder when 255014 is divided by 1832.
366
Calculate the remainder when 4860941 is divided by 181.
5
What is the remainder w